{"id":250,"date":"2025-06-25T10:46:27","date_gmt":"2025-06-25T10:46:27","guid":{"rendered":"https:\/\/kometen.dk\/?page_id=250"},"modified":"2025-07-02T08:29:20","modified_gmt":"2025-07-02T08:29:20","slug":"home-2","status":"publish","type":"page","link":"https:\/\/kometen.dk\/","title":{"rendered":"Home"},"content":{"rendered":"\t\t<div data-elementor-type=\"wp-page\" data-elementor-id=\"250\" class=\"elementor elementor-250\">\n\t\t\t\t<div class=\"elementor-element elementor-element-3e6ac095 e-flex e-con-boxed e-con e-parent\" data-id=\"3e6ac095\" data-element_type=\"container\">\n\t\t\t\t\t<div class=\"e-con-inner\">\n\t\t\t\t<div class=\"elementor-element elementor-element-47cf4cd2 elementor-widget elementor-widget-text-editor\" data-id=\"47cf4cd2\" data-element_type=\"widget\" data-widget_type=\"text-editor.default\">\n\t\t\t\t<div class=\"elementor-widget-container\">\n\t\t\t\t\t\t\t\t\t\n<div class=\"wp-block-uagb-container uagb-block-eb0aa213 alignfull uagb-is-root-container\">\n<div class=\"uagb-container-inner-blocks-wrap\">\n<div class=\"wp-block-uagb-container uagb-layout-grid uagb-block-77137965\">\n<div class=\"wp-block-uagb-advanced-heading uagb-block-b371cc12\">\n<p class=\"uagb-desc-text\">Velkommen til<\/p>\n<h1 class=\"uagb-heading-text\">B\u00f8rnehuset Kometen<\/h1>\n<p>\u00a0<\/p>\n<p><img decoding=\"async\" src=\"https:\/\/kometen.dk\/wp-content\/uploads\/2025\/06\/3-scaled.jpg\" \/><\/p>\n<\/div>\n<\/div>\n<br \/><\/div>\n<\/div>\n\n<div class=\"wp-block-uagb-container uagb-layout-grid uagb-block-28fa86dc alignfull uagb-is-root-container\">\n<div class=\"uagb-container-inner-blocks-wrap\">\n<div class=\"wp-block-uagb-image uagb-block-0be442bf wp-block-uagb-image--layout-default wp-block-uagb-image--effect-static wp-block-uagb-image--align-none\">\n<figure class=\"wp-block-uagb-image__figure\"><img fetchpriority=\"high\" decoding=\"async\" class=\"alignnone wp-image-334 size-large\" src=\"https:\/\/kometen.dk\/wp-content\/uploads\/2025\/06\/lill2-1024x768.jpg\" alt=\"\" width=\"1024\" height=\"768\" srcset=\"https:\/\/kometen.dk\/wp-content\/uploads\/2025\/06\/lill2-1024x768.jpg 1024w, https:\/\/kometen.dk\/wp-content\/uploads\/2025\/06\/lill2-300x225.jpg 300w, https:\/\/kometen.dk\/wp-content\/uploads\/2025\/06\/lill2-768x576.jpg 768w, https:\/\/kometen.dk\/wp-content\/uploads\/2025\/06\/lill2-1536x1152.jpg 1536w, https:\/\/kometen.dk\/wp-content\/uploads\/2025\/06\/lill2-2048x1536.jpg 2048w\" sizes=\"(max-width: 1024px) 100vw, 1024px\" \/><\/figure>\n<\/div>\n\n<div class=\"wp-block-uagb-info-box uagb-block-f3852b2e uagb-infobox__content-wrap  uagb-infobox-icon-above-title uagb-infobox-image-valign-top wp-block-uagb-info-box--has-margin\">\n<div class=\"uagb-infobox-margin-wrapper\">\n<div class=\"uagb-ifb-content\">\n<div class=\"uagb-ifb-title-wrap\"><span class=\"uagb-ifb-title-prefix\">Om os<\/span>\n<p><strong>Velkommen til B\u00f8rnehuset Kometen<\/strong><br \/>Vi er en selvejende institution i Nordvest med plads til b\u00e5de vuggestue- og b\u00f8rnehaveb\u00f8rn. Hos os arbejder vi for at skabe trygge, n\u00e6re og udviklende rammer \u2013 med fokus p\u00e5 b\u00e5de det enkelte barns trivsel og f\u00e6llesskabets styrke.<\/p>\n<p>B\u00f8rnene m\u00f8der engagerede og n\u00e6rv\u00e6rende voksne, der arbejder ud fra en anerkendende og relationel p\u00e6dagogik. Vi tror p\u00e5, at b\u00f8rn g\u00f8r det s\u00e5 godt, de kan \u2013 og vi st\u00f8tter dem i at vokse, l\u00e6re og trives gennem leg, omsorg og meningsfulde f\u00e6llesskaber.<\/p>\n<\/div>\n<div class=\"uagb-ifb-button-wrapper wp-block-button\"><a class=\"uagb-infobox-cta-link wp-block-button__link\" href=\"https:\/\/kometen.dk\/?page_id=251\" target=\"_self\" rel=\"noopener noreferrer\"><span class=\"uagb-inline-editing\">L\u00c6S MERE<\/span><\/a><\/div>\n<\/div>\n<\/div>\n<\/div>\n<\/div>\n<\/div>\n\n<div class=\"wp-block-uagb-container uagb-block-2bbc57c7 alignfull uagb-is-root-container\">\n<div class=\"uagb-container-inner-blocks-wrap\">\n<div class=\"wp-block-uagb-advanced-heading uagb-block-7b6eba87\">\n<p><img decoding=\"async\" class=\"aligncenter\" src=\"https:\/\/kometen.dk\/wp-content\/uploads\/2025\/06\/4-scaled.jpg\" \/><\/p>\n<\/div>\n<\/div>\n<\/div>\n\t\t\t\t\t\t\t\t<\/div>\n\t\t\t\t<\/div>\n\t\t\t\t\t<\/div>\n\t\t\t\t<\/div>\n\t\t\t\t<\/div>\n\t\t","protected":false},"excerpt":{"rendered":"<p>Velkommen til B\u00f8rnehuset Kometen \u00a0<\/p>\n","protected":false},"author":1,"featured_media":0,"parent":0,"menu_order":0,"comment_status":"closed","ping_status":"closed","template":"","meta":{"_uag_custom_page_level_css":"","site-sidebar-layout":"default","site-content-layout":"","ast-site-content-layout":"default","site-content-style":"default","site-sidebar-style":"default","ast-global-header-display":"","ast-banner-title-visibility":"","ast-main-header-display":"","ast-hfb-above-header-display":"","ast-hfb-below-header-display":"","ast-hfb-mobile-header-display":"","site-post-title":"disabled","ast-breadcrumbs-content":"","ast-featured-img":"","footer-sml-layout":"","theme-transparent-header-meta":"","adv-header-id-meta":"","stick-header-meta":"","header-above-stick-meta":"","header-main-stick-meta":"","header-below-stick-meta":"","astra-migrate-meta-layouts":"default","ast-page-background-enabled":"default","ast-page-background-meta":{"desktop":{"background-color":"var(--ast-global-color-4)","background-image":"","background-repeat":"repeat","background-position":"center center","background-size":"auto","background-attachment":"scroll","background-type":"","background-media":"","overlay-type":"","overlay-color":"","overlay-opacity":"","overlay-gradient":""},"tablet":{"background-color":"","background-image":"","background-repeat":"repeat","background-position":"center center","background-size":"auto","background-attachment":"scroll","background-type":"","background-media":"","overlay-type":"","overlay-color":"","overlay-opacity":"","overlay-gradient":""},"mobile":{"background-color":"","background-image":"","background-repeat":"repeat","background-position":"center center","background-size":"auto","background-attachment":"scroll","background-type":"","background-media":"","overlay-type":"","overlay-color":"","overlay-opacity":"","overlay-gradient":""}},"ast-content-background-meta":{"desktop":{"background-color":"var(--ast-global-color-5)","background-image":"","background-repeat":"repeat","background-position":"center center","background-size":"auto","background-attachment":"scroll","background-type":"","background-media":"","overlay-type":"","overlay-color":"","overlay-opacity":"","overlay-gradient":""},"tablet":{"background-color":"var(--ast-global-color-5)","background-image":"","background-repeat":"repeat","background-position":"center center","background-size":"auto","background-attachment":"scroll","background-type":"","background-media":"","overlay-type":"","overlay-color":"","overlay-opacity":"","overlay-gradient":""},"mobile":{"background-color":"var(--ast-global-color-5)","background-image":"","background-repeat":"repeat","background-position":"center center","background-size":"auto","background-attachment":"scroll","background-type":"","background-media":"","overlay-type":"","overlay-color":"","overlay-opacity":"","overlay-gradient":""}},"footnotes":""},"class_list":["post-250","page","type-page","status-publish","hentry"],"uagb_featured_image_src":{"full":false,"thumbnail":false,"medium":false,"medium_large":false,"large":false,"1536x1536":false,"2048x2048":false},"uagb_author_info":{"display_name":"admin","author_link":"https:\/\/kometen.dk\/?author=1"},"uagb_comment_info":0,"uagb_excerpt":"Velkommen til B\u00f8rnehuset Kometen \u00a0","_links":{"self":[{"href":"https:\/\/kometen.dk\/index.php?rest_route=\/wp\/v2\/pages\/250","targetHints":{"allow":["GET"]}}],"collection":[{"href":"https:\/\/kometen.dk\/index.php?rest_route=\/wp\/v2\/pages"}],"about":[{"href":"https:\/\/kometen.dk\/index.php?rest_route=\/wp\/v2\/types\/page"}],"author":[{"embeddable":true,"href":"https:\/\/kometen.dk\/index.php?rest_route=\/wp\/v2\/users\/1"}],"replies":[{"embeddable":true,"href":"https:\/\/kometen.dk\/index.php?rest_route=%2Fwp%2Fv2%2Fcomments&post=250"}],"version-history":[{"count":57,"href":"https:\/\/kometen.dk\/index.php?rest_route=\/wp\/v2\/pages\/250\/revisions"}],"predecessor-version":[{"id":491,"href":"https:\/\/kometen.dk\/index.php?rest_route=\/wp\/v2\/pages\/250\/revisions\/491"}],"wp:attachment":[{"href":"https:\/\/kometen.dk\/index.php?rest_route=%2Fwp%2Fv2%2Fmedia&parent=250"}],"curies":[{"name":"wp","href":"https:\/\/api.w.org\/{rel}","templated":true}]}}