{"id":611,"date":"2025-07-30T09:09:21","date_gmt":"2025-07-30T09:09:21","guid":{"rendered":"https:\/\/kometen.dk\/?page_id=611"},"modified":"2025-07-30T09:15:01","modified_gmt":"2025-07-30T09:15:01","slug":"skaermpolitik","status":"publish","type":"page","link":"https:\/\/kometen.dk\/?page_id=611","title":{"rendered":"Sk\u00e6rmpolitik"},"content":{"rendered":"\t\t<div data-elementor-type=\"wp-page\" data-elementor-id=\"611\" class=\"elementor elementor-611\">\n\t\t\t\t<div class=\"elementor-element elementor-element-47bb3d2 e-flex e-con-boxed e-con e-parent\" data-id=\"47bb3d2\" data-element_type=\"container\">\n\t\t\t\t\t<div class=\"e-con-inner\">\n\t\t\t\t<div class=\"elementor-element elementor-element-a575304 elementor-widget elementor-widget-text-editor\" data-id=\"a575304\" data-element_type=\"widget\" data-widget_type=\"text-editor.default\">\n\t\t\t\t<div class=\"elementor-widget-container\">\n\t\t\t\t\t\t\t\t\t<p>\u00a0<\/p><p>Sk\u00e6rmpolitik<\/p><p>I vores institution prioriterer vi fysisk leg, social interaktion, l\u00e6ring og b\u00f8rns alsidige udvikling. Derfor benytter vi som udgangspunkt ikke iPads eller andre sk\u00e6rme sammen med b\u00f8rnene.<\/p><p>Den eneste sk\u00e6rm, der anvendes i b\u00f8rnenes dagligdag, er den, som h\u00e6nger ved indgangen, hvor b\u00f8rn og for\u00e6ldre kan tjekke ind og ud via Aula.<\/p><p>Vores sk\u00e6rmpolitik f\u00f8lger K\u00f8benhavns Kommunes anbefalinger, som igen tager afs\u00e6t i retningslinjer fra Sundhedsstyrelsen og Verdenssundhedsorganisationen (WHO). Disse anbefalinger lyder:<\/p><ul><li>B\u00f8rn 0\u20132 \u00e5r: Ingen sk\u00e6rmtid.<\/li><li>B\u00f8rn 2\u20134 \u00e5r: H\u00f8jst \u00e9n time om dagen, og helst i aktivt samv\u00e6r med en voksen.<\/li><\/ul><p>L\u00e6s mere her<\/p><ul><li><a href=\"https:\/\/skaermtid.kk.dk\">K\u00f8benhavns Kommunes sk\u00e6rmtidsguide<\/a><\/li><li><a href=\"https:\/\/www.sst.dk\/da\/styrpaaskaerm\">Sundhedsstyrelsens kampagne &#8220;Styr p\u00e5 sk\u00e6rm&#8221;<\/a><\/li><li><a href=\"https:\/\/www.sst.dk\/da\/udgivelser\/2023\/Sundhedsstyrelsens-anbefalinger-om-skaermbrug\">Sundhedsstyrelsens anbefalinger om sk\u00e6rmbrug (2023)<\/a><\/li><li><a href=\"https:\/\/www.sst.dk\/da\/nyheder\/2024\/Sundhedsstyrelsen-Skaerm-skal-fylde-mindre-i-hverdagen\">Nyhed fra SST: Sk\u00e6rm skal fylde mindre i hverdagen (2024)<\/a><\/li><\/ul><p>\u00a0<\/p><p>\u00a0<\/p><p>\u00a0<\/p><p>\u00a0<\/p><p>\u00a0<\/p><p>\u00a0<\/p>\t\t\t\t\t\t\t\t<\/div>\n\t\t\t\t<\/div>\n\t\t\t\t\t<\/div>\n\t\t\t\t<\/div>\n\t\t\t\t<\/div>\n\t\t","protected":false},"excerpt":{"rendered":"<p>\u00a0 Sk\u00e6rmpolitik I vores institution prioriterer vi fysisk leg, social interaktion, l\u00e6ring og b\u00f8rns alsidige udvikling. Derfor benytter vi som [&hellip;]<\/p>\n","protected":false},"author":1,"featured_media":0,"parent":0,"menu_order":0,"comment_status":"closed","ping_status":"closed","template":"","meta":{"_uag_custom_page_level_css":"","site-sidebar-layout":"no-sidebar","site-content-layout":"","ast-site-content-layout":"full-width-container","site-content-style":"default","site-sidebar-style":"default","ast-global-header-display":"","ast-banner-title-visibility":"","ast-main-header-display":"","ast-hfb-above-header-display":"","ast-hfb-below-header-display":"","ast-hfb-mobile-header-display":"","site-post-title":"disabled","ast-breadcrumbs-content":"","ast-featured-img":"disabled","footer-sml-layout":"","theme-transparent-header-meta":"","adv-header-id-meta":"","stick-header-meta":"","header-above-stick-meta":"","header-main-stick-meta":"","header-below-stick-meta":"","astra-migrate-meta-layouts":"default","ast-page-background-enabled":"default","ast-page-background-meta":{"desktop":{"background-color":"var(--ast-global-color-4)","background-image":"","background-repeat":"repeat","background-position":"center center","background-size":"auto","background-attachment":"scroll","background-type":"","background-media":"","overlay-type":"","overlay-color":"","overlay-opacity":"","overlay-gradient":""},"tablet":{"background-color":"","background-image":"","background-repeat":"repeat","background-position":"center center","background-size":"auto","background-attachment":"scroll","background-type":"","background-media":"","overlay-type":"","overlay-color":"","overlay-opacity":"","overlay-gradient":""},"mobile":{"background-color":"","background-image":"","background-repeat":"repeat","background-position":"center center","background-size":"auto","background-attachment":"scroll","background-type":"","background-media":"","overlay-type":"","overlay-color":"","overlay-opacity":"","overlay-gradient":""}},"ast-content-background-meta":{"desktop":{"background-color":"var(--ast-global-color-5)","background-image":"","background-repeat":"repeat","background-position":"center center","background-size":"auto","background-attachment":"scroll","background-type":"","background-media":"","overlay-type":"","overlay-color":"","overlay-opacity":"","overlay-gradient":""},"tablet":{"background-color":"var(--ast-global-color-5)","background-image":"","background-repeat":"repeat","background-position":"center center","background-size":"auto","background-attachment":"scroll","background-type":"","background-media":"","overlay-type":"","overlay-color":"","overlay-opacity":"","overlay-gradient":""},"mobile":{"background-color":"var(--ast-global-color-5)","background-image":"","background-repeat":"repeat","background-position":"center center","background-size":"auto","background-attachment":"scroll","background-type":"","background-media":"","overlay-type":"","overlay-color":"","overlay-opacity":"","overlay-gradient":""}},"footnotes":""},"class_list":["post-611","page","type-page","status-publish","hentry"],"uagb_featured_image_src":{"full":false,"thumbnail":false,"medium":false,"medium_large":false,"large":false,"1536x1536":false,"2048x2048":false},"uagb_author_info":{"display_name":"admin","author_link":"https:\/\/kometen.dk\/?author=1"},"uagb_comment_info":0,"uagb_excerpt":"\u00a0 Sk\u00e6rmpolitik I vores institution prioriterer vi fysisk leg, social interaktion, l\u00e6ring og b\u00f8rns alsidige udvikling. Derfor benytter vi som [&hellip;]","_links":{"self":[{"href":"https:\/\/kometen.dk\/index.php?rest_route=\/wp\/v2\/pages\/611","targetHints":{"allow":["GET"]}}],"collection":[{"href":"https:\/\/kometen.dk\/index.php?rest_route=\/wp\/v2\/pages"}],"about":[{"href":"https:\/\/kometen.dk\/index.php?rest_route=\/wp\/v2\/types\/page"}],"author":[{"embeddable":true,"href":"https:\/\/kometen.dk\/index.php?rest_route=\/wp\/v2\/users\/1"}],"replies":[{"embeddable":true,"href":"https:\/\/kometen.dk\/index.php?rest_route=%2Fwp%2Fv2%2Fcomments&post=611"}],"version-history":[{"count":4,"href":"https:\/\/kometen.dk\/index.php?rest_route=\/wp\/v2\/pages\/611\/revisions"}],"predecessor-version":[{"id":618,"href":"https:\/\/kometen.dk\/index.php?rest_route=\/wp\/v2\/pages\/611\/revisions\/618"}],"wp:attachment":[{"href":"https:\/\/kometen.dk\/index.php?rest_route=%2Fwp%2Fv2%2Fmedia&parent=611"}],"curies":[{"name":"wp","href":"https:\/\/api.w.org\/{rel}","templated":true}]}}